t the prime factors of 230438.
2, 13, 8863
List the prime factors of 4825251.
3, 6619
What are the prime factors of 697686?
2, 3, 11, 31
What are the prime factors of 2740866?
2, 3, 456811
What are the prime factors of 229231?
41, 5591
List the prime factors of 554468.
2, 138617
List the prime factors of 302395.
5, 197, 307
List the prime factors of 838544.
2, 7, 7487
List the prime factors of 1606432.
2, 17, 2953
List the prime factors of 103486.
2, 59, 877
What are the prime factors of 11704801?
227, 51563
List the prime factors of 562935.
3, 5, 37529
What are the prime factors of 105594?
2, 3, 17599
What are the prime factors of 2588330?
2, 5, 41, 59, 107
List the prime factors of 3099777.
3, 647, 1597
List the prime factors of 17376157.
1861, 9337
What are the prime factors of 60995?
5, 11, 1109
List the prime factors of 339429.
3, 113143
What are the prime factors of 8019176?
2, 11, 91127
What are the prime factors of 265681?
13, 107, 191
List the prime factors of 6181368.
2, 3, 37, 6961
List the prime factors of 474142.
2, 237071
What are the prime factors of 8668158?
2, 3, 29, 31, 1607
List the prime factors of 5954898.
2, 3, 43, 23081
What are the prime factors of 3096933?
3, 7, 89, 1657
List the prime factors of 4140566.
2, 2070283
List the prime factors of 1227126.
2, 3, 204521
What are the prime factors of 563400?
2, 3, 5, 313
What are the prime factors of 5274022?
2, 13, 71, 2857
List the prime factors of 3202913.
7, 457559
List the prime factors of 17150511.
3, 7, 816691
What are the prime factors of 8482350?
2, 3, 5, 193, 293
What are the prime factors of 448286?
2, 19, 47, 251
List the prime factors of 12490041.
3, 4163347
What are the prime factors of 761352?
2, 3, 31723
What are the prime factors of 2164313?
2164313
List the prime factors of 5345498.
2, 19, 41, 47, 73
List the prime factors of 488532.
2, 3, 11, 3701
List the prime factors of 12138594.
2, 3, 13, 11971
List the prime factors of 4506352.
2, 281647
List the prime factors of 752062.
2, 37, 10163
List the prime factors of 476716.
2, 119179
List the prime factors of 684077.
31, 22067
List the prime factors of 10569454.
2, 7, 47, 16063
List the prime factors of 5526390.
2, 3, 5, 41, 4493
What are the prime factors of 1177440?
2, 3, 5, 11, 223
List the prime factors of 5046135.
3, 5, 353, 953
What are the prime factors of 12482786?
2, 353, 17681
List the prime factors of 814914.
2, 3, 15091
What are the prime factors of 5583521?
5583521
List the prime factors of 1941435.
3, 5, 73, 197
List the prime factors of 114083.
114083
What are the prime factors of 21810546?
2, 3, 31, 43, 101
What are the prime factors of 18623?
11, 1693
List the prime factors of 280440.
2, 3, 5, 19, 41
What are the prime factors of 6993116?
2, 13, 181, 743
List the prime factors of 455793.
3, 13, 29, 31
List the prime factors of 1414410.
2, 3, 5, 47147
List the prime factors of 565732.
2, 29, 4877
List the prime factors of 14731397.
14731397
What are the prime factors of 7703773?
7, 11, 100049
List the prime factors of 28966032.
2, 3, 19, 3529
List the prime factors of 3329302.
2, 1664651
What are the prime factors of 752296?
2, 271, 347
What are the prime factors of 876050?
2, 5, 7, 2503
What are the prime factors of 2279054?
2, 17, 3943
What are the prime factors of 2532842?
2, 13, 61, 1597
List the prime factors of 117316.
2, 139, 211
List the prime factors of 401947.
7, 13, 631
What are the prime factors of 767302?
2, 383651
What are the prime factors of 901335?
3, 5, 60089
List the prime factors of 13523779.
13523779
What are the prime factors of 20779929?
3, 769627
What are the prime factors of 7052916?
2, 3, 13, 29, 1559
List the prime factors of 410951.
19, 43, 503
List the prime factors of 21680002.
2, 37, 292973
List the prime factors of 1885994.
2, 11, 59, 1453
List the prime factors of 50700.
2, 3, 5, 13
What are the prime factors of 604881?
3, 43, 521
List the prime factors of 132894.
2, 3, 23, 107
List the prime factors of 1062410.
2, 5, 131, 811
List the prime factors of 461197.
11, 41927
List the prime factors of 9882218.
2, 227, 21767
List the prime factors of 335278.
2, 53, 3163
List the prime factors of 79392.
2, 3, 827
List the prime factors of 5549835.
3, 5, 59, 6271
What are the prime factors of 561368?
2, 47, 1493
What are the prime factors of 81337?
163, 499
List the prime factors of 12408593.
587, 21139
What are the prime factors of 3076173?
3, 53, 6449
What are the prime factors of 184504?
2, 23063
List the prime factors of 8611165.
5, 113, 15241
What are the prime factors of 1934875?
5, 23, 673
What are the prime factors of 1945265?
5, 7, 55579
What are the prime factors of 1564499?
1564499
List the prime factors of 225629.
225629
List the prime factors of 376122.
2, 3, 62687
List the prime factors of 1044872.
2, 211, 619
List the prime factors of 3138434.
2, 13, 120709
List the prime factors of 341139.
3, 17, 6689
What are the prime factors of 304220?
2, 5, 7, 41, 53
What are the prime factors of 230655?
3, 5, 15377
List the prime factors of 936375.
3, 5, 11, 227
List the prime factors of 26131.
7, 3733
List the prime factors of 10848.
2, 3, 113
List the prime factors of 860360.
2, 5, 137, 157
What are the prime factors of 286950?
2, 3, 5, 1913
What are the prime factors of 3019938?
2, 3, 47, 10709
List the prime factors of 417046.
2, 7, 29789
List the prime factors of 12140371.
59, 149, 1381
List the prime factors of 175207.
241, 727
What are the prime factors of 215473?
43, 5011
List the prime factors of 681090.
2, 3, 5, 73, 311
What are the prime factors of 328114?
2, 164057
What are the prime factors of 2352120?
2, 3, 5, 17, 1153
List the prime factors of 973124.
2, 29, 8389
List the prime factors of 655486.
2, 13, 17, 1483
List the prime factors of 8929905.
3, 5, 19, 31333
What are the prime factors of 5435541?
3, 603949
List the prime factors of 967508.
2, 241877
List the prime factors of 8467239.
3, 11, 379, 677
What are the prime factors of 3311547?
3, 1103849
List the prime factors of 3357706.
2, 11, 152623
What are the prime factors of 575629?
109, 5281
What are the prime factors of 594944?
2, 7, 83
What are the prime factors of 4937108?
2, 11, 112207
What are the prime factors of 516371?
516371
List the prime factors of 52029.
3, 41, 47
List the prime factors of 57035.
5, 11, 17, 61
What are the prime factors of 35169?
3, 19, 617
What are the prime factors of 2081495?
5, 13, 31, 1033
List the prime factors of 716841.
3, 23, 3463
What are the prime factors of 176915?
5, 41, 863
List the prime factors of 174228.
2, 3, 14519
List the prime factors of 17676963.
3, 103, 19069
What are the prime factors of 1280343?
3, 71, 6011
What are the prime factors of 317056?
2, 2477
List the prime factors of 3093979.
7, 19, 43, 541
What are the prime factors of 321534?
2, 3, 17863
What are the prime factors of 3699214?
2, 179, 10333
List the prime factors of 10726.
2, 31, 173
What are the prime factors of 1636184?
2, 11, 18593
List the prime factors of 241182.
2, 3, 13399
List the prime factors of 125624.
2, 41, 383
What are the prime factors of 18450010?
2, 5, 43, 107, 401
List the prime factors of 2329876.
2, 582469
List the prime factors of 64122.
2, 3, 10687
What are the prime factors of 366016?
2, 7, 19, 43
What are the prime factors of 379146?
2, 3, 29, 2179
List the prime factors of 22935.
3, 5, 11, 139
List the prime factors of 58175.
5, 13, 179
List the prime factors of 2617798.
2, 1308899
What are the prime factors of 791189?
7, 113027
What are the prime factors of 3555361?
3555361
What are the prime factors of 385587?
3, 14281
What are the prime factors of 28069454?
2, 7, 43, 6661
What are the prime factors of 8746941?
3, 7, 157, 379
List the prime factors of 7121400.
2, 3, 5, 11, 13, 83
List the prime factors of 62455.
5, 12491
What are the prime factors of 2667318?
2, 3, 444553
List the prime factors of 8113412.
2, 43, 1097
List the prime factors of 2145790.
2, 5, 89, 2411
What are the prime factors of 587340?
2, 3, 5, 13, 251
List the prime factors of 7026123.
3, 13, 257, 701
List the prime factors of 11899087.
61, 97, 2011
List the prime factors of 21133229.
13, 569, 2857
List the prime factors of 3900813.
3, 7, 185753
List the prime factors of 1684139.
